ose 440 = 2*h - 7*h. Let z = h - b. What is the greatest common divisor of z and 18?
2
Let x be (-2 - -3) + 86 + 1. Suppose -m - 5 = 0, 5*m + 1265 = -127*g + 125*g. Let f = -609 - g. What is the greatest common divisor of f and x?
11
Let t(z) = 23*z - 1056. Let k be t(66). What is the highest common divisor of k and 990?
66
Let c = -4400 - -4865. What is the highest common divisor of c and 120?
15
Let n(h) = h**2 + 13*h + 19. Let z be n(-8). Let s be (-933)/z - 24/(-42). Let f be ((-4)/6)/((-6)/45). Calculate the highest common divisor of f and s.
5
Suppose -f = -8*f + 182. Suppose -3*y = -2*y - l + 6, -5*l + f = -y. Let n be (8 - 0)/4 - y*22. What is the highest common factor of 72 and n?
24
Let g(x) = -310*x - 4. Let b be g(-1). Let s be -7 + (2 + 326)/8. Calculate the highest common factor of b and s.
34
Suppose 0*f = -2*f + 58. Let n(u) = 859*u + 129767. Let w be n(-151). What is the highest common divisor of w and f?
29
Let j be (25/1)/(8/(7 - -505)). Suppose d - j + 627 = 0. Calculate the highest common divisor of 7 and d.
7
Let b(o) = 6*o - 152. Let i be b(26). Suppose 2*z + i*g - 378 = 0, -z - 2*g + 774 = 3*z. What is the highest common divisor of 15 and z?
15
Let q(r) = -r**3 - 94*r**2 - 100*r + 248. Let p be q(-93). Calculate the highest common factor of 29 and p.
29
Let p be -5 + 1945 - (-7)/((0 - -6)/6). Calculate the highest common divisor of 198 and p.
33
Let r = -1 + 20. Suppose 3*y - 16 + 361 = 3*a, 5*a = -5*y + 605. Suppose a = n + 3*x, -258 = -3*n + 5*x + 166. Calculate the highest common factor of n and r.
19
Let b(o) = o**3 + 5*o**2 - 28*o - 4. Let h be b(-8). Suppose -h*g + 31*g = 300. Suppose -y - 16 = -5*y. What is the highest common divisor of g and y?
4
Let h(c) = -17*c**3 + c**2 + c + 1. Let r be h(-1). Let f = 1813 - 1786. Calculate the greatest common factor of r and f.
9
Suppose 3*z - 706 = 1490. Let t = 735 - z. Calculate the highest common factor of t and 11.
1
Let w(i) = -i**3 + 6*i**2 - 8*i + 2. Let f be w(4). Let a be (f - 1)/(0 - (-3)/21). What is the greatest common factor of 63 and a?
7
Suppose -8 = -7*k + 3*k. Let f(z) = -4 - 3 + z + 2 + 6*z**k + 3. Let j be f(-2). Calculate the greatest common divisor of j and 10.
10
Suppose 0 = -3*y + h + 165, -112 = -4*y - 5*h + 108. Suppose -5*k = 5*f - 40, 0*k - 11 = -4*k + 3*f. Calculate the greatest common factor of k and y.
5
Suppose 62*i - 65*i = -369. Let r = -122 + i. Let a(j) = 132*j**2 + j. Let s be a(r). Calculate the greatest common divisor of 19 and s.
19
Let k = 3761 + -2012. What is the highest common factor of 99 and k?
33
Suppose 5*z + c = 1620, -4*c + 9*c + 972 = 3*z. Suppose 4*f + 2*b - 316 = 0, -48*f = -44*f - 2*b - z. Calculate the highest common divisor of f and 120.
40
Let j be (34/15*-9)/(3/(-90)). Suppose -592 = -7*x + j. Suppose -x*v - 105 = -175*v. What is the greatest common factor of 21 and v?
7
Let v = 12 - -1. Let o(k) = -2 - 3 - 6*k + 2*k**2 - 6*k - 13*k. Let y be o(v). Calculate the highest common divisor of y and 8.
8
Let y be (((-62)/16)/((-6)/8))/(98/18228). What is the highest common factor of 155 and y?
31
Let x be (-2)/(-5) - 766/(-10). Suppose 2*c - 25 = 19. Suppose -3*r = -r - c. Calculate the highest common factor of r and x.
11
Suppose 2890 = 7*j + 10*j. Suppose 0 = -2*k + 4, -k - 372 = -4*a + j. What is the greatest common factor of 8 and a?
8
Let o be (4/(-2) - 1/(-1)) + 134420/611. What is the highest common divisor of 12 and o?
3
Suppose -469 = 5*v - 214. Let o be -3 + 4 - v - 2. What is the greatest common factor of o and 75?
25
Let u(r) = -5*r**3 - 2*r - 605. Let o(i) = -2*i**3 - i - 303. Let y(g) = -7*o(g) + 3*u(g). Let c be y(0). What is the greatest common divisor of 36 and c?
18
Let q(b) = -41*b**2 - 8*b + 6. Let a be q(-3). Let f = a - -356. What is the greatest common divisor of 34 and f?
17
Suppose 2*i + 90 = -3*l + 7*l, 0 = i + 3*l + 45. Let z = -82 + 34. Let u = i - z. Calculate the greatest common divisor of u and 1.
1
Let y(f) = -184*f + 4796. Let u be y(26). Let x = 44 - 15. Let a = x + -17. What is the highest common factor of u and a?
12
Let g(k) = -612*k - 575. Let a be g(-5). What is the greatest common divisor of 213 and a?
71
Let o(u) = u**2 - 26*u + 229. Let x be o(33). Calculate the greatest common divisor of 2944 and x.
92
Let d = 178 - 190. Let l = d + 28. What is the greatest common divisor of l and 88?
8
Let c be 43/2*(-1 - -3). Let i = -41 + c. Suppose -2*s = 5*n - 253, -i*s = 2*n + s - 99. What is the greatest common divisor of 204 and n?
51
Let n be (-1)/3*(-306)/6. Suppose i - 2*f = -1, -4*f = 4*i - i - n. Suppose -3*j - 4*z = -237, -i*z + 6 = -z. Calculate the greatest common factor of 30 and j.
15
Let u(h) be the first derivative of h**2/2 - 14*h + 32. Let y be u(12). Let r be (-54 + -1)/((-63)/(-35) + y). Calculate the greatest common factor of 25 and r.
25
Suppose 430 = 5*n - 50. Calculate the greatest common divisor of 336 and n.
48
Suppose n - 27 = -2*t, 252*t - 247*t = n - 48. Calculate the highest common divisor of n and 3707.
11
Let u(d) = -d**3 + 14*d**2 - 25*d - 10. Let x be u(9). What is the highest common factor of 6970 and x?
170
Let p be (2 - 2)/1 - -3. Suppose 0 = -3*z + 2*d - 293, 0 = 6*d - p*d - 3. Let q = 233 + z. Calculate the highest common divisor of q and 17.
17
Suppose 49*w - 45*w - 6837 = 4103. Calculate the greatest common divisor of w and 5.
5
Let y(x) = 12*x + 247. Let u be y(-20). Suppose 76 = -u*j + 11*j. Calculate the greatest common factor of j and 247.
19
Suppose -3*u - 109 = 2*o + 68, -3*o = 5*u + 295. Let b = u - -119. Calculate the greatest common divisor of b and 24.
12
Let h = -275 + 450. Suppose 5*d - h = -5*v, 2*v = 4*d - 62 + 162. Calculate the greatest common divisor of v and 30.
10
Let b(o) = 591*o**3 + 2*o**2 - 5*o - 4. Let q be b(-1). Let z = -585 - q. Calculate the highest common factor of 159 and z.
3
Let k be -872*(7 + 13)/(-20). Calculate the highest common factor of 109 and k.
109
Suppose -10*w - 5 - 5 = 0. Let p be w/(3 - 4) - -2. What is the greatest common divisor of 3 and p?
3
Suppose 65*w + 80 = 73*w. Suppose 459 - 539 = -w*f. Let m = -10 + 46. What is the highest common divisor of f and m?
4
Suppose -9*l + 28 = -11*l. Let j be 321 + (8/l)/((-74)/(-259)). What is the greatest common divisor of j and 22?
11
Suppose 2*v - 3*n = 24 + 44, -4*v - 4*n = -176. What is the highest common divisor of v and 500?
20
Let a(d) = -d**2 + 18*d - 15. Let x be a(8). Let k = x + -100. Let v be k/(-25) - 1 - 506/(-10). What is the greatest common divisor of 17 and v?
17
Suppose 8*u + 51 = 9*u. Suppose 0 = u*j - 47*j - 8. Suppose -15 = 3*b, 0 = k - 0*b + 3*b + j. What is the highest common factor of k and 104?
13
Let j be (22 + -14)*(-5 + 7). What is the highest common divisor of 524 and j?
4
Let g(k) = 2*k**3 - 28*k**2 - 30*k + 1. Let j be g(16). Let i = 547 - j. What is the highest common factor of i and 29?
1
Suppose -q + y = -2*y + 87, -2*q - y - 139 = 0. Let v = 1066 - 1074. Let o be 9/(q/60*10/v). What is the highest common factor of 9 and o?
3
Suppose -970 = -4*l + d, -64 = -l + d + 174. What is the highest common divisor of l and 4?
4
Let z = -2 - -22. Let s = -256 + 407. Suppose -s*q + 139*q + 96 = 0. Calculate the greatest common factor of z and q.
4
Suppose 0 = 3*p - 5*p - 96. Let x = 68 + p. Let f = x + -16. Calculate the greatest common factor of f and 6.
2
Let g(y) be the third derivative of 0*y + 7/30*y**5 - 13/6*y**3 + 27*y**2 + 1/6*y**4 + 0. Let q be g(3). Calculate the highest common factor of 25 and q.
25
Let x be 7/(-4) + (-17 - (-46618)/88). Calculate the greatest common factor of 73 and x.
73
Suppose -5*f + 0 = -5, -2*w + 4*f = -6. Suppose -w*p = 2*p + 21. Let q be -6*13/p - -2. Calculate the greatest common factor of q and 28.
28
Suppose -28*j + 27*j - k + 253 = 0, -8*k = -4*j + 1084. Calculate the greatest common factor of 1517 and j.
37
Let t(m) = m**2 - 16*m + 32. Let a = -90 + 106. Let z be t(a). Suppose 0 = -x - 0*x + 8. What is the greatest common divisor of x and z?
8
Let u = -1113 + 1179. Calculate the highest common divisor of 88 and u.
22
Let d(h) = -22*h**2 + 45*h + 1 + 21 + 21*h**2. Let c be d(20). Let o be c/14 - (-6)/(-21). Calculate the highest common factor of 37 and o.
37
Let q be (1672/(-220))/(2/(-5)). Let x(j) = 2